{"help":"Return the metadata of a dataset (package) and its resources. :param id: the id or name of the dataset :type id: string","success":true,"result":[{"id":"553c9f99-e9cf-49d2-a769-9dccc8a56d70","name":"carrecs-electes","title":"C\u00e0rrecs electes","author":"Diputaci\u00f3 de Barcelona","author_email":"dadesobertes@diba.cat","maintainer":"Portal de dades obertes de la Diputaci\u00f3 de Barcelona","maintainer_email":"dadesobertes@diba.cat","license_title":"https:\/\/creativecommons.org\/licenses\/by\/4.0\/deed.ca","notes":"\u003Cp\u003EC\u00e0rrecs electes de cada municipi de la demarcaci\u00f3 de Barcelona.\u003C\/p\u003E\n\n","url":"https:\/\/dadesobertes.diba.cat\/datasets\/carrecs-electes","state":"Active","private":true,"revision_timestamp":"dg., 26\/04\/2026 - 17:22","metadata_created":"dt., 06\/05\/2014 - 16:02","metadata_modified":"dg., 26\/04\/2026 - 17:22","creator_user_id":"70384113-6f0a-46f2-beaa-d121ea8f5878","type":"Dataset","resources":[{"id":"b2927c7c-e5bb-43f4-8c09-5fecf22e068e","revision_id":"","url":"https:\/\/do.diba.cat\/api\/dataset\/electes\/format\/json","description":"\u003Cp\u003ERelaci\u00f3 dels c\u00e0rrecs electes de cada municipi de la prov\u00edncia de Barcelona.\u003C\/p\u003E\u0026#13;\n","format":"JSON","state":"Active","revision_timestamp":"dj., 23\/08\/2018 - 19:49","name":"C\u00e0rrecs electes (JSON)","mimetype":"JSON","size":"","created":"dt., 25\/04\/2017 - 16:03","resource_group_id":"d7093e8d-99a9-4e95-91b8-d33c4bd60ae0","last_modified":"Date changed  dj., 23\/08\/2018 - 19:49"},{"id":"c39a25b6-dd85-47be-841f-3c37fb43a19c","revision_id":"","url":"https:\/\/do.diba.cat\/api\/dataset\/electes\/format\/xml","description":"\u003Cp\u003ERelaci\u00f3 dels c\u00e0rrecs electes de cada municipi de la prov\u00edncia de Barcelona.\u003C\/p\u003E\u0026#13;\n","format":"XML","state":"Active","revision_timestamp":"dj., 23\/08\/2018 - 19:49","name":"C\u00e0rrecs electes (XML)","mimetype":"XML","size":"","created":"dt., 25\/04\/2017 - 16:03","resource_group_id":"d7093e8d-99a9-4e95-91b8-d33c4bd60ae0","last_modified":"Date changed  dj., 23\/08\/2018 - 19:49"},{"id":"007587f2-e2a9-4c72-a26c-bdcaf08ae37d","revision_id":"","url":"https:\/\/do.diba.cat\/api\/dataset\/electes\/format\/csv","description":"\u003Cp\u003ERelaci\u00f3 dels c\u00e0rrecs electes de cada municipi de la prov\u00edncia de Barcelona.\u003C\/p\u003E\u0026#13;\n","format":"CSV","state":"Active","revision_timestamp":"dj., 23\/08\/2018 - 19:49","name":"C\u00e0rrecs electes (CSV)","mimetype":"CSV","size":"","created":"dt., 25\/04\/2017 - 16:03","resource_group_id":"d7093e8d-99a9-4e95-91b8-d33c4bd60ae0","last_modified":"Date changed  dj., 23\/08\/2018 - 19:49"},{"id":"a9a27e48-59e5-4f6e-8c8c-a0ea88663e1e","revision_id":"","url":"https:\/\/do.diba.cat\/api\/dataset\/electes\/format\/rdf-xml","description":"\u003Cp\u003ERelaci\u00f3 dels c\u00e0rrecs electes de cada municipi de la prov\u00edncia de Barcelona.\u003C\/p\u003E\u0026#13;\n","format":"RDF","state":"Active","revision_timestamp":"dj., 23\/08\/2018 - 19:49","name":"C\u00e0rrecs electes (RDF)","mimetype":"RDF","size":"","created":"dt., 25\/04\/2017 - 16:04","resource_group_id":"d7093e8d-99a9-4e95-91b8-d33c4bd60ae0","last_modified":"Date changed  dj., 23\/08\/2018 - 19:49"},{"id":"d89da4fc-e375-4c18-9fd4-bf4c9393460e","revision_id":"","url":"https:\/\/do.diba.cat\/data\/ds\/electes\/graella","description":"\u003Cp\u003ERelaci\u00f3 dels c\u00e0rrecs electes de cada municipi de la prov\u00edncia de Barcelona.\u003C\/p\u003E\u0026#13;\n","format":"HTML","state":"Active","revision_timestamp":"dj., 23\/08\/2018 - 19:49","name":"C\u00e0rrecs electes (Graella)","mimetype":"HTML","size":"","created":"dt., 25\/04\/2017 - 16:04","resource_group_id":"d7093e8d-99a9-4e95-91b8-d33c4bd60ae0","last_modified":"Date changed  dj., 23\/08\/2018 - 19:49"},{"id":"85ca7546-f64c-4c8c-b127-d1e82e78a2eb","revision_id":"","url":"https:\/\/dadesobertes.diba.cat\/sites\/default\/files\/public\/recursos\/files\/electes_historic.csv","description":"\u003Cp\u003EHist\u00f2ric dels c\u00e0rrecs electes de cada municipi de la prov\u00edncia de Barcelona durant els mandats anteriors (fins al 28\/05\/2023).\u003C\/p\u003E\n","format":"CSV","state":"Active","revision_timestamp":"dc., 31\/05\/2023 - 14:33","name":"Registre hist\u00f2ric de c\u00e0rrecs electes (CSV)","mimetype":"text\/csv","size":"1.15 MB","created":"dl., 29\/05\/2023 - 10:20","resource_group_id":"d7093e8d-99a9-4e95-91b8-d33c4bd60ae0","last_modified":"Date changed  dc., 31\/05\/2023 - 14:33"}],"tags":[{"id":"387f6f81-bb39-4af5-98db-568a3291cbf8","vocabulary_id":"1","name":"ajuntaments"},{"id":"4551782a-dd51-4752-aa16-3aa4e032b9cc","vocabulary_id":"1","name":"regidors"},{"id":"bbd10a58-301f-4907-8d3e-5545d1572535","vocabulary_id":"1","name":"tinent"},{"id":"3ad79b81-aa19-461c-9a77-d6c4e1340a61","vocabulary_id":"1","name":"alcaldes"},{"id":"aae270ec-2adf-4ded-be73-2695a974c499","vocabulary_id":"1","name":"alcaldesses"},{"id":"9545c27a-a328-471d-85b6-d3bad2f00cd5","vocabulary_id":"1","name":"API"}],"groups":[{"description":"\u003Cp\u003EDirecci\u00f3 de Serveis de Cooperaci\u00f3 Local\u003C\/p\u003E\n","id":"d7093e8d-99a9-4e95-91b8-d33c4bd60ae0","image_display_url":"","title":"Direcci\u00f3 de Serveis de Cooperaci\u00f3 Local","name":"grup\/direccio-de-serveis-de-cooperacio-local"}]}]}

Càrrecs electes

Diputació de Barcelona

Portal de dades obertes de la Diputació de Barcelona

<p>Càrrecs electes de cada municipi de la demarcació de Barcelona.</p>

<p>Relació dels càrrecs electes de cada municipi de la província de Barcelona.</p>&#13;

Càrrecs electes (JSON)

Càrrecs electes (XML)

Càrrecs electes (CSV)

Càrrecs electes (RDF)

Càrrecs electes (Graella)

<p>Històric dels càrrecs electes de cada municipi de la província de Barcelona durant els mandats anteriors (fins al 28/05/2023).</p>

Registre històric de càrrecs electes (CSV)

<p>Direcció de Serveis de Cooperació Local</p>

Direcció de Serveis de Cooperació Local
